it of b?
9
Suppose -3*l + 25 = 4. Suppose 0 = -2*k + l + 43. What is the units digit of k?
5
What is the tens digit of (-226)/(-4) - 3/(-2)?
5
What is the tens digit of 5/(-10)*(1 - 197)?
9
Let i(b) = b**2 + 8*b + 10. Let y be i(-6). What is the tens digit of y + 2 - -1 - -12?
1
Suppose -798 = -2*f - 4*f. What is the hundreds digit of f?
1
Let w(g) = -g**3 + 3*g**2 + 2. Suppose -2 + 14 = -3*f + 3*p, -5 = 5*p. Let v = f - -8. What is the units digit of w(v)?
2
Suppose -5*q = -2*q - 114. What is the tens digit of q?
3
Suppose -4*g - 4*s + 116 = 0, 5*s = g - 30 + 7. Suppose y - 3 = -1, -2*p - 2*y = -g. Suppose -p = n - 2*n. What is the tens digit of n?
1
Suppose -2*y = -3*y + 35. What is the tens digit of y?
3
Let v = -4 - -4. Suppose 7 = 4*z + 3*x, -3*z + x - 1 - 10 = v. What is the units digit of z*(1 - 21/6)?
5
Let o be -1 - -2 - (-2 - -3). Let j(d) be the third derivative of -d**5/60 - d**4/24 + d**3 - 3*d**2. What is the units digit of j(o)?
6
Let o = -5 - -2. Let d be o + 5 + 0 + 5. What is the tens digit of 45/2 + d/(-14)?
2
Suppose 1 = -3*c + 4*h, 2*c + 3*c = -3*h + 37. Let l(d) = -d**2 + 7*d. Let f be l(c). Suppose f*t - 20 = 5*t. What is the units digit of t?
4
Suppose -5*f + 2*f + 88 = 5*u, -2*u - 5*f + 20 = 0. Suppose -5*y + u = -0. Suppose 4*g = y*l, 3*g + 7 = -4*l + 21. What is the units digit of g?
2
Let k = 2 + 0. Let r(x) = 5 + 0*x - 14 + k*x. What is the tens digit of r(11)?
1
Suppose t = -0*t. Suppose -3*z + 31 = -5*m, m + t = -2. What is the units digit of z?
7
Suppose 5*c = 5*d - 36 - 144, 4*d - c - 156 = 0. Suppose g - d = -g. What is the tens digit of g?
2
Suppose -5*b = 2*x - 333, -2*b - 4*x - 179 = -5*b. What is the tens digit of b?
6
Let i(j) = -j**2 + 13*j + 19. Let m be i(14). Let k(n) = 4*n + 2. What is the tens digit of k(m)?
2
Suppose -1024 = -8*h - 176. What is the tens digit of h?
0
What is the tens digit of (-1082)/(-18) - 13/117?
6
What is the tens digit of 9/27 - 352/(-6)?
5
Suppose 8*y - 348 = 468. What is the tens digit of y?
0
Let o(p) = p**3 - 14*p**2 + 2*p - 14. What is the tens digit of o(14)?
1
Suppose 0*u + 250 = 5*u. Suppose 7*b - u = 2*b. What is the units digit of b?
0
Suppose 13*r = 5*r + 1512. What is the hundreds digit of r?
1
What is the tens digit of 2/(6/177) + 3?
6
Let q(s) = 3*s**3 + 14*s**2 + 21*s - 22. Let o(y) = 2*y**3 + 9*y**2 + 14*y - 15. Let t(u) = 7*o(u) - 5*q(u). What is the tens digit of t(-6)?
1
Suppose -4 = -3*o + 2*y, 4*y - y = 3. Let c(q) = 3 - 2 + 1 - 1 - q + 9*q**o. What is the units digit of c(1)?
9
Let r be (3 + -6)/9*-99. Let m = 59 - r. What is the units digit of m?
6
Suppose 3*u - 127 = 197. What is the units digit of u?
8
Let u(d) = d. Let w be u(-5). Let h = 8 + w. Suppose -36 = g - h*g. What is the tens digit of g?
1
Let w = -270 + 516. What is the units digit of w?
6
Let s = 14 + -5. What is the units digit of -15*s/(-30)*2?
9
Let f = 16 - 0. What is the units digit of f?
6
Suppose 0 = 5*n - 63 - 2. What is the tens digit of n?
1
Suppose 7*j = 4*j + 87. What is the tens digit of j?
2
Suppose 2*i - 149 + 32 = -p, 0 = -5*p + 5*i + 600. What is the units digit of p?
9
Let d = 20 - 78. Let h = 105 + d. What is the units digit of h?
7
Let t(s) = s**3 - 7*s**2 - 13*s + 11. What is the tens digit of t(9)?
5
Suppose -3*c - k = -205, 2*c - 185 + 45 = -4*k. What is the tens digit of c?
6
Let g be 20/(-6) - (-4)/12. Let d be (g + 2)*2*-1. Suppose 2*k - d = -0. What is the units digit of k?
1
Let b be 2/(-3) - (-56)/12. Suppose -b*s - p = -88, 2*s - 4*p - 4 = 22. What is the tens digit of s?
2
Let f = 17 + -3. What is the units digit of f?
4
Let f be -2 - (-8)/(-1 - 0). Let k be (0 + -5)*70/(-25). Let j = k + f. What is the units digit of j?
4
Suppose -2*g - 4 = 0, -3*o - 2*g = o - 56. What is the units digit of o?
5
Suppose 47 = p + l, 6*p = 2*p + 2*l + 164. What is the units digit of p?
3
Suppose h = -3*x + 157 + 148, 527 = 5*x - 3*h. What is the tens digit of x?
0
Suppose n + 25 = 4*x, n = -3*x + 4*x - 4. Let w be (-16 - 1) + 0/(2 + 0). What is the units digit of (w + x)*4/(-10)?
4
Let r = 2 - 47. What is the tens digit of (-45)/((r/(-6))/(-5))?
3
Let t be ((-8)/(-6))/((-6)/(-9)). Let j be 1/1*6*t. Suppose -3*p + 24 + j = 0. What is the units digit of p?
2
Let d be -2 + 4 - -5 - 2. Suppose -d*x = -82 + 12. What is the tens digit of x?
1
Suppose -1 = -2*f - 5. Let h = -3 - f. What is the units digit of 2 + h/((-2)/10)?
7
What is the tens digit of 49*(6/(-3))/(-2)?
4
Let v(u) = 11*u + 0*u**3 - u**3 + 2*u + 10 + 12*u**2. What is the units digit of v(13)?
0
Suppose 0 = 5*p - z - 0*z - 175, 0 = 2*z - 10. Suppose -5*n - 2*u + 50 = 0, 0*n - 2*n - 4*u = -p. What is the units digit of n?
8
Suppose -5*f = -4*j + 259, -177 = -4*j - 3*f + 122. What is the units digit of j?
1
Let v(i) = 5*i**2 + 2*i + 2. What is the hundreds digit of v(-5)?
1
Let o = 8 + -4. Let s(x) = -3*x + x - o + 3*x. What is the units digit of s(5)?
1
Let d = -82 - -177. What is the tens digit of d?
9
Let w(n) = -n**3 - 7*n**2 + 7*n - 8. Let z be w(-8). Let t be (z/1)/(0 - -2). What is the units digit of t/(-1) + 4 + -2?
2
Let y(m) = 2*m**3 - 2*m**2 - 1. Let u be y(2). Suppose -w = h + 3*h - 10, -h = w - u. What is the units digit of 9/w + 3/6?
2
Let p = 103 + -42. What is the units digit of p?
1
Suppose -3*v = 3*c - 36, 3*v - 20 = 2*c - c. Let p be (-1)/4 - 70/v. What is the units digit of p/(-2)*(6 - 4)?
9
Suppose -a - 8 = -24. Let k = a - 11. What is the units digit of k?
5
Suppose 3*y + 12 = 6*y. Suppose -y*i = -k + i + 9, 0 = 4*i. What is the units digit of k?
9
Suppose -3*u + 4*u - 3 = 0. Suppose -4*l + 2 + u = -k, 0 = -5*k + 3*l - 8. Let y = 8 + k. What is the units digit of y?
7
What is the units digit of 23 + (1 + -1)/1?
3
Let b be (8/(-10))/(2/(-35)). Let a be 36/(-30)*(-30)/4. Let u = b - a. What is the units digit of u?
5
Let z = -3 - -8. Suppose 3*p - z*p = -3*s - 9, -4*s + 16 = 2*p. What is the units digit of p?
6
Suppose m - 61 = -3*v + 66, -5*m + 205 = 5*v. What is the tens digit of v?
4
Let i = 17 - 25. What is the units digit of 137/9 + i/36?
5
Let i be -4 - (-1 - 0/(-1)). Let d be 3 - (1 + i + 1). What is the units digit of 0/3 + 36/d?
9
Let k = 3 + 1. Suppose -4*i = 5*q - k*q, 0 = -i + 5*q - 21. Let p(z) = -14*z - 1. What is the tens digit of p(i)?
1
Let n(t) = 3*t**3 - 5*t**2 - 7*t + 27. What is the hundreds digit of n(5)?
2
Let y(k) = 2*k**2 + 13*k - 19. What is the units digit of y(-10)?
1
Suppose v + 2 = -v. Let t = v - -4. What is the units digit of t?
3
Let p(o) = -o**3 + 8*o**2 + 8*o + 13. Let j be p(9). Suppose x - 2*h - 1 - 2 = 0, 3*x + j*h = 9. What is the units digit of x?
3
Let j be (-12)/(-30) + (-2)/5. Let y be j - 2 - (-11 - 0). What is the units digit of (1 - (3 + -2)) + y?
9
Suppose 395 = 8*o - 77. What is the tens digit of o?
5
Let w be (90/20)/(6/(-8)). What is the units digit of ((-9)/(-6))/(w/(-40))?
0
Suppose 3*b = -1 - 17. Suppose f = -0 + 11. Let m = b + f. What is the units digit of m?
5
Let u(q) = -5*q**3 + 13*q**2 + 11*q - 9. Let i(z) = -2*z**3 + 6*z**2 + 5*z - 4. Let s(c) = -7*i(c) + 3*u(c). What is the units digit of s(-3)?
7
Suppose -6*m = 3*l - m - 1, -l = -2*m - 15. What is the units digit of l?
7
Suppose -6*l - 49 = -t - 2*l, -l - 3 = 0. What is the units digit of t?
7
Let m(h) = h**2 - 6*h - 2. Let d be m(6). What is the units digit of (0 + 1 + d)*-6?
6
Suppose -t - 22 = 2*d, 4*d - 10 = -5*t - 108. What is the tens digit of 6/(-27) - 202/t?
1
Let t(j) = -j + 6. Let h be ((-16)/(-5))/(-4)*10. What is the tens digit of t(h)?
1
Let h be 3*-1 - (0 + -10). Suppose -15 = -5*v, h + 4 = -4*o + 5*v. What is the units digit of o?
1
Let q = 13 + -16. Let p(y) = -3*y**2 - 2*y - 5. Let u(j) = 4*j**2 + 3*j + 6. Let h(l) = 7*p(l) + 6*u(l). What is the units digit of h(q)?
6
Let s = -26 - -41. Let y be (-2 - 1*-4) + 1. Suppose -y*d + 3*z - 17 = -74, 0 = -5*z - s. What is the tens digit of d?
1
Let q be 3/(-6)*5*-2. Suppose -q*u = 0, -2*p + 2*u = 4*u. Suppose p = 5*r + w - 40, -6*r + 2*r = 2*w - 26. What is the units digit of r?
9
Suppose 2*x - 18 = 5*x. Let u = -3 - x. Suppose 5*s - 20 = 0, 4*s - 7 = u*f + 3. What is the units digit of f?
2
Suppose 0 = 5*q + d + 21, -2*d + 20 = 3*d. Let b = 2 + q. Let l = -1 - b. What is the units digit of l?
2
Let f(b) = 2*b + 3. Suppose 0 = 